
{"id":2039,"date":"2024-06-10T17:45:10","date_gmt":"2024-06-10T14:45:10","guid":{"rendered":"https:\/\/www.teamplace.eu\/vklohja\/?post_type=product&#038;p=2039"},"modified":"2024-06-10T17:45:10","modified_gmt":"2024-06-10T14:45:10","slug":"sandaalit-vk-lohja-valkoinen","status":"publish","type":"product","link":"https:\/\/www.teamplace.eu\/vklohja\/product\/sandaalit-vk-lohja-valkoinen\/","title":{"rendered":"Sandaalit VK-Lohja \/valkoinen"},"content":{"rendered":"<p>Voimistelijoille sopivat sandaalit hallille ja vapaa-ajalle. Sandaaleissa on pehme\u00e4 iskuja vaimentava muotoiltu pohja ja p\u00e4\u00e4liosaan on painettu seuran logopainatus.<\/p>\n<p>Voimisteluklubi Lohja teksti painettu sandaalin p\u00e4\u00e4liosaan lilalla v\u00e4rill\u00e4.<\/p>\n<p>Materiaali: 100% polyester<\/p>\n<p>Koot: 35\/36, 37\/38, 39\/40, 41\/42, 43\/44<br \/>\nKoot vastaavat hyvin kyseist\u00e4 keng\u00e4nkokoa.<\/p>\n","protected":false},"excerpt":{"rendered":"<p>Voimistelijoille sopivat sandaalit hallille ja vapaa-ajalle. Sandaaleissa on pehme\u00e4 iskuja vaimentava muotoiltu pohja ja p\u00e4\u00e4liosaan on painettu seuran logopainatus.<\/p>\n<p>Voimisteluklubi Lohja teksti painettu sandaalin p\u00e4\u00e4liosaan lilalla v\u00e4rill\u00e4.<\/p>\n<p>Materiaali: 100% polyester<\/p>\n<p>Koot: 35\/36, 37\/38, 39\/40, 41\/42, 43\/44<br \/>\nKoot vastaavat hyvin kyseist\u00e4 keng\u00e4nkokoa.<\/p>\n","protected":false},"featured_media":2045,"comment_status":"open","ping_status":"closed","template":"","meta":[],"product_brand":[],"product_cat":[64],"product_tag":[],"class_list":{"0":"post-2039","1":"product","2":"type-product","3":"status-publish","4":"has-post-thumbnail","6":"product_cat-vk-lohja-tuotteet","8":"first","9":"instock","10":"taxable","11":"shipping-taxable","12":"purchasable","13":"product-type-variable"},"exclude_global_add_ons":[],"addons":[],"featured_image_urls_v2":{"full":["https:\/\/www.teamplace.eu\/vklohja\/wp-content\/uploads\/sites\/82\/2024\/06\/Sandaalit-valkoinen-vkl.png",532,533,false],"thumbnail":["https:\/\/www.teamplace.eu\/vklohja\/wp-content\/uploads\/sites\/82\/2024\/06\/Sandaalit-valkoinen-vkl-150x150.png",150,150,true],"medium":["https:\/\/www.teamplace.eu\/vklohja\/wp-content\/uploads\/sites\/82\/2024\/06\/Sandaalit-valkoinen-vkl-300x300.png",300,300,true],"medium_large":["https:\/\/www.teamplace.eu\/vklohja\/wp-content\/uploads\/sites\/82\/2024\/06\/Sandaalit-valkoinen-vkl.png",532,533,false],"large":["https:\/\/www.teamplace.eu\/vklohja\/wp-content\/uploads\/sites\/82\/2024\/06\/Sandaalit-valkoinen-vkl.png",532,533,false],"1536x1536":["https:\/\/www.teamplace.eu\/vklohja\/wp-content\/uploads\/sites\/82\/2024\/06\/Sandaalit-valkoinen-vkl.png",532,533,false],"2048x2048":["https:\/\/www.teamplace.eu\/vklohja\/wp-content\/uploads\/sites\/82\/2024\/06\/Sandaalit-valkoinen-vkl.png",532,533,false],"post-thumbnail":["https:\/\/www.teamplace.eu\/vklohja\/wp-content\/uploads\/sites\/82\/2024\/06\/Sandaalit-valkoinen-vkl.png",532,533,false],"twentytwenty-fullscreen":["https:\/\/www.teamplace.eu\/vklohja\/wp-content\/uploads\/sites\/82\/2024\/06\/Sandaalit-valkoinen-vkl.png",532,533,false],"woocommerce_thumbnail":["https:\/\/www.teamplace.eu\/vklohja\/wp-content\/uploads\/sites\/82\/2024\/06\/Sandaalit-valkoinen-vkl-450x450.png",450,450,true],"woocommerce_single":["https:\/\/www.teamplace.eu\/vklohja\/wp-content\/uploads\/sites\/82\/2024\/06\/Sandaalit-valkoinen-vkl.png",532,533,false],"woocommerce_gallery_thumbnail":["https:\/\/www.teamplace.eu\/vklohja\/wp-content\/uploads\/sites\/82\/2024\/06\/Sandaalit-valkoinen-vkl-100x100.png",100,100,true]},"post_excerpt_stackable_v2":"<p>Voimistelijoille sopivat sandaalit hallille ja vapaa-ajalle. Sandaaleissa on pehme\u00e4 iskuja vaimentava muotoiltu pohja ja p\u00e4\u00e4liosaan on painettu seuran logopainatus.<\/p>\n<p>Voimisteluklubi Lohja teksti painettu sandaalin p\u00e4\u00e4liosaan lilalla v\u00e4rill\u00e4.<\/p>\n<p>Materiaali: 100% polyester<\/p>\n<p>Koot: 35\/36, 37\/38, 39\/40, 41\/42, 43\/44<br \/>\nKoot vastaavat hyvin kyseist\u00e4 keng\u00e4nkokoa.<\/p>\n","category_list_v2":"","author_info_v2":{"name":"","url":""},"comments_num_v2":"0 comments","_links":{"self":[{"href":"https:\/\/www.teamplace.eu\/vklohja\/wp-json\/wp\/v2\/product\/2039","targetHints":{"allow":["GET"]}}],"collection":[{"href":"https:\/\/www.teamplace.eu\/vklohja\/wp-json\/wp\/v2\/product"}],"about":[{"href":"https:\/\/www.teamplace.eu\/vklohja\/wp-json\/wp\/v2\/types\/product"}],"replies":[{"embeddable":true,"href":"https:\/\/www.teamplace.eu\/vklohja\/wp-json\/wp\/v2\/comments?post=2039"}],"wp:featuredmedia":[{"embeddable":true,"href":"https:\/\/www.teamplace.eu\/vklohja\/wp-json\/wp\/v2\/media\/2045"}],"wp:attachment":[{"href":"https:\/\/www.teamplace.eu\/vklohja\/wp-json\/wp\/v2\/media?parent=2039"}],"wp:term":[{"taxonomy":"product_brand","embeddable":true,"href":"https:\/\/www.teamplace.eu\/vklohja\/wp-json\/wp\/v2\/product_brand?post=2039"},{"taxonomy":"product_cat","embeddable":true,"href":"https:\/\/www.teamplace.eu\/vklohja\/wp-json\/wp\/v2\/product_cat?post=2039"},{"taxonomy":"product_tag","embeddable":true,"href":"https:\/\/www.teamplace.eu\/vklohja\/wp-json\/wp\/v2\/product_tag?post=2039"}],"curies":[{"name":"wp","href":"https:\/\/api.w.org\/{rel}","templated":true}]}}