
{"id":1813,"date":"2023-05-03T15:17:54","date_gmt":"2023-05-03T12:17:54","guid":{"rendered":"https:\/\/www.teamplace.eu\/vklohja\/?post_type=product&#038;p=1813"},"modified":"2023-05-03T15:19:42","modified_gmt":"2023-05-03T12:19:42","slug":"premium-jumppapussi-vk-lohja-pinkki","status":"publish","type":"product","link":"https:\/\/www.teamplace.eu\/vklohja\/product\/premium-jumppapussi-vk-lohja-pinkki\/","title":{"rendered":"Premium jumppapussi VK-Lohja \/pinkki"},"content":{"rendered":"<p>Paksusta polyester-materiaalista valmistettu pinkki jumppapussi, jonka sivusaumassa vetoketjutasku. Paksut mustat ny\u00f6rit. Vedenpit\u00e4v\u00e4 kangas.<\/p>\n<p>Valkoinen Voimisteluklubi Lohja logo painettu pussin etupuolelle.<\/p>\n<p>Nimipainatus mahdollista painaa logon alle kaunokirjoituksella.<\/p>\n<p>Koko: 40 x 48 cm<br \/>\nTilavuus: 15 litraa<br \/>\nV\u00e4ri: pinkki-musta<\/p>\n","protected":false},"excerpt":{"rendered":"<p>Paksusta polyester-materiaalista valmistettu pinkki jumppapussi, jonka sivusaumassa vetoketjutasku. Paksut mustat ny\u00f6rit. Vedenpit\u00e4v\u00e4 kangas.<\/p>\n<p>Valkoinen Voimisteluklubi Lohja logo painettu pussin etupuolelle.<\/p>\n<p>Nimipainatus mahdollista painaa logon alle kaunokirjoituksella.<\/p>\n<p>Koko: 40 x 48 cm<br \/>\nTilavuus: 15 litraa<br \/>\nV\u00e4ri: pinkki-musta<\/p>\n","protected":false},"featured_media":1812,"comment_status":"open","ping_status":"closed","template":"","meta":[],"product_brand":[],"product_cat":[64],"product_tag":[],"class_list":{"0":"post-1813","1":"product","2":"type-product","3":"status-publish","4":"has-post-thumbnail","6":"product_cat-vk-lohja-tuotteet","8":"first","9":"instock","10":"taxable","11":"shipping-taxable","12":"purchasable","13":"product-type-simple"},"exclude_global_add_ons":false,"addons":[{"name":"Halutessasi saat jumppapussiin nimipainatuksen","type":"custom_text","position":0,"required":false,"title_format":"label","default":"","description_enable":true,"description":"Etunimi painetaan logon alle. Kirjoita nimi alla olevaan kentt\u00e4\u00e4n:","placeholder_enable":false,"placeholder":"","display":"select","restrictions_type":"any_text","adjust_price":true,"price":"5.00","price_type":"flat_fee","restrictions":true,"min":"0","max":"15","options":[],"id":1682002666}],"featured_image_urls_v2":{"full":["https:\/\/www.teamplace.eu\/vklohja\/wp-content\/uploads\/sites\/82\/2021\/10\/Jumppapussi-pinkki-vkl.png",1064,1064,false],"thumbnail":["https:\/\/www.teamplace.eu\/vklohja\/wp-content\/uploads\/sites\/82\/2021\/10\/Jumppapussi-pinkki-vkl-150x150.png",150,150,true],"medium":["https:\/\/www.teamplace.eu\/vklohja\/wp-content\/uploads\/sites\/82\/2021\/10\/Jumppapussi-pinkki-vkl-300x300.png",300,300,true],"medium_large":["https:\/\/www.teamplace.eu\/vklohja\/wp-content\/uploads\/sites\/82\/2021\/10\/Jumppapussi-pinkki-vkl-768x768.png",580,580,true],"large":["https:\/\/www.teamplace.eu\/vklohja\/wp-content\/uploads\/sites\/82\/2021\/10\/Jumppapussi-pinkki-vkl-1024x1024.png",580,580,true],"1536x1536":["https:\/\/www.teamplace.eu\/vklohja\/wp-content\/uploads\/sites\/82\/2021\/10\/Jumppapussi-pinkki-vkl.png",1064,1064,false],"2048x2048":["https:\/\/www.teamplace.eu\/vklohja\/wp-content\/uploads\/sites\/82\/2021\/10\/Jumppapussi-pinkki-vkl.png",1064,1064,false],"post-thumbnail":["https:\/\/www.teamplace.eu\/vklohja\/wp-content\/uploads\/sites\/82\/2021\/10\/Jumppapussi-pinkki-vkl.png",1064,1064,false],"twentytwenty-fullscreen":["https:\/\/www.teamplace.eu\/vklohja\/wp-content\/uploads\/sites\/82\/2021\/10\/Jumppapussi-pinkki-vkl.png",1064,1064,false],"woocommerce_thumbnail":["https:\/\/www.teamplace.eu\/vklohja\/wp-content\/uploads\/sites\/82\/2021\/10\/Jumppapussi-pinkki-vkl-450x450.png",450,450,true],"woocommerce_single":["https:\/\/www.teamplace.eu\/vklohja\/wp-content\/uploads\/sites\/82\/2021\/10\/Jumppapussi-pinkki-vkl-600x600.png",600,600,true],"woocommerce_gallery_thumbnail":["https:\/\/www.teamplace.eu\/vklohja\/wp-content\/uploads\/sites\/82\/2021\/10\/Jumppapussi-pinkki-vkl-100x100.png",100,100,true]},"post_excerpt_stackable_v2":"<p>Paksusta polyester-materiaalista valmistettu pinkki jumppapussi, jonka sivusaumassa vetoketjutasku. Paksut mustat ny\u00f6rit. Vedenpit\u00e4v\u00e4 kangas.<\/p>\n<p>Valkoinen Voimisteluklubi Lohja logo painettu pussin etupuolelle.<\/p>\n<p>Nimipainatus mahdollista painaa logon alle kaunokirjoituksella.<\/p>\n<p>Koko: 40 x 48 cm<br \/>\nTilavuus: 15 litraa<br \/>\nV\u00e4ri: pinkki-musta<\/p>\n","category_list_v2":"","author_info_v2":{"name":"","url":""},"comments_num_v2":"0 comments","_links":{"self":[{"href":"https:\/\/www.teamplace.eu\/vklohja\/wp-json\/wp\/v2\/product\/1813","targetHints":{"allow":["GET"]}}],"collection":[{"href":"https:\/\/www.teamplace.eu\/vklohja\/wp-json\/wp\/v2\/product"}],"about":[{"href":"https:\/\/www.teamplace.eu\/vklohja\/wp-json\/wp\/v2\/types\/product"}],"replies":[{"embeddable":true,"href":"https:\/\/www.teamplace.eu\/vklohja\/wp-json\/wp\/v2\/comments?post=1813"}],"wp:featuredmedia":[{"embeddable":true,"href":"https:\/\/www.teamplace.eu\/vklohja\/wp-json\/wp\/v2\/media\/1812"}],"wp:attachment":[{"href":"https:\/\/www.teamplace.eu\/vklohja\/wp-json\/wp\/v2\/media?parent=1813"}],"wp:term":[{"taxonomy":"product_brand","embeddable":true,"href":"https:\/\/www.teamplace.eu\/vklohja\/wp-json\/wp\/v2\/product_brand?post=1813"},{"taxonomy":"product_cat","embeddable":true,"href":"https:\/\/www.teamplace.eu\/vklohja\/wp-json\/wp\/v2\/product_cat?post=1813"},{"taxonomy":"product_tag","embeddable":true,"href":"https:\/\/www.teamplace.eu\/vklohja\/wp-json\/wp\/v2\/product_tag?post=1813"}],"curies":[{"name":"wp","href":"https:\/\/api.w.org\/{rel}","templated":true}]}}