
{"id":271,"date":"2021-03-19T13:17:54","date_gmt":"2021-03-19T11:17:54","guid":{"rendered":"https:\/\/www.teamplace.eu\/rnv\/?post_type=product&#038;p=271"},"modified":"2022-12-19T12:52:19","modified_gmt":"2022-12-19T10:52:19","slug":"stream-toppi-rnv-pinkki","status":"publish","type":"product","link":"https:\/\/www.teamplace.eu\/rnv\/product\/stream-toppi-rnv-pinkki\/","title":{"rendered":"STREAM toppi RNV \/pinkki"},"content":{"rendered":"<p>Sporttinen painijanselk\u00e4inen toppi. Korkealaatuinen joustava materiaali ja hyvin istuva leikkaus. Materiaali on hengitt\u00e4v\u00e4 ja haihduttaa kosteuden nopeasti, jolloin k\u00e4ytt\u00f6mukavuus on ihanteellinen.<\/p>\n<p>RNV voimistelijalogo sel\u00e4ss\u00e4 valkoisella. Lis\u00e4hinnasta (5,00\u20ac) nimipainatus vasemmassa rinnassa.<\/p>\n<p>Materiaali: 80% PA, 20% EA<br \/>\nKoot: 110, 120, 130, 140, 150, XS, S, M, L, XL<br \/>\nV\u00e4ri: Pinkki<\/p>\n","protected":false},"excerpt":{"rendered":"<p>Sporttinen painijanselk\u00e4inen toppi. Korkealaatuinen joustava materiaali ja hyvin istuva leikkaus. Materiaali on hengitt\u00e4v\u00e4 ja haihduttaa kosteuden nopeasti, jolloin k\u00e4ytt\u00f6mukavuus on ihanteellinen.<\/p>\n<p>RNV voimistelijalogo sel\u00e4ss\u00e4 valkoisella. Lis\u00e4hinnasta (5,00\u20ac) nimipainatus vasemmassa rinnassa.<\/p>\n<p>Materiaali: 80% PA, 20% EA<br \/>\nKoot: 110, 120, 130, 140, 150, XS, S, M, L, XL<br \/>\nV\u00e4ri: Pinkki<\/p>\n","protected":false},"featured_media":1594,"comment_status":"open","ping_status":"closed","template":"","meta":[],"product_brand":[],"product_cat":[79],"product_tag":[],"class_list":{"0":"post-271","1":"product","2":"type-product","3":"status-publish","4":"has-post-thumbnail","6":"product_cat-rnv","8":"first","9":"instock","10":"taxable","11":"shipping-taxable","12":"purchasable","13":"product-type-variable"},"exclude_global_add_ons":false,"addons":[{"name":"Nimipainatus vasen rinta (kaunokirjoitus)","type":"custom_text","position":0,"required":false,"title_format":"label","default":"","description_enable":false,"description":"","placeholder_enable":false,"placeholder":"","display":"select","restrictions_type":"any_text","adjust_price":true,"price":"5","price_type":"flat_fee","restrictions":false,"min":"0","max":"0","options":[],"id":1671454270}],"featured_image_urls_v2":{"full":["https:\/\/www.teamplace.eu\/rnv\/wp-content\/uploads\/sites\/60\/2021\/03\/Stream-pinkki-taka-RNV.png",1064,1064,false],"thumbnail":["https:\/\/www.teamplace.eu\/rnv\/wp-content\/uploads\/sites\/60\/2021\/03\/Stream-pinkki-taka-RNV-150x150.png",150,150,true],"medium":["https:\/\/www.teamplace.eu\/rnv\/wp-content\/uploads\/sites\/60\/2021\/03\/Stream-pinkki-taka-RNV-300x300.png",300,300,true],"medium_large":["https:\/\/www.teamplace.eu\/rnv\/wp-content\/uploads\/sites\/60\/2021\/03\/Stream-pinkki-taka-RNV-768x768.png",580,580,true],"large":["https:\/\/www.teamplace.eu\/rnv\/wp-content\/uploads\/sites\/60\/2021\/03\/Stream-pinkki-taka-RNV-1024x1024.png",580,580,true],"1536x1536":["https:\/\/www.teamplace.eu\/rnv\/wp-content\/uploads\/sites\/60\/2021\/03\/Stream-pinkki-taka-RNV.png",1064,1064,false],"2048x2048":["https:\/\/www.teamplace.eu\/rnv\/wp-content\/uploads\/sites\/60\/2021\/03\/Stream-pinkki-taka-RNV.png",1064,1064,false],"post-thumbnail":["https:\/\/www.teamplace.eu\/rnv\/wp-content\/uploads\/sites\/60\/2021\/03\/Stream-pinkki-taka-RNV.png",1064,1064,false],"twentytwenty-fullscreen":["https:\/\/www.teamplace.eu\/rnv\/wp-content\/uploads\/sites\/60\/2021\/03\/Stream-pinkki-taka-RNV.png",1064,1064,false],"woocommerce_thumbnail":["https:\/\/www.teamplace.eu\/rnv\/wp-content\/uploads\/sites\/60\/2021\/03\/Stream-pinkki-taka-RNV-450x450.png",450,450,true],"woocommerce_single":["https:\/\/www.teamplace.eu\/rnv\/wp-content\/uploads\/sites\/60\/2021\/03\/Stream-pinkki-taka-RNV-600x600.png",600,600,true],"woocommerce_gallery_thumbnail":["https:\/\/www.teamplace.eu\/rnv\/wp-content\/uploads\/sites\/60\/2021\/03\/Stream-pinkki-taka-RNV-100x100.png",100,100,true]},"post_excerpt_stackable_v2":"<p>Sporttinen painijanselk\u00e4inen toppi. Korkealaatuinen joustava materiaali ja hyvin istuva leikkaus. Materiaali on hengitt\u00e4v\u00e4 ja haihduttaa kosteuden nopeasti, jolloin k\u00e4ytt\u00f6mukavuus on ihanteellinen.<\/p>\n<p>RNV voimistelijalogo sel\u00e4ss\u00e4 valkoisella. Lis\u00e4hinnasta (5,00\u20ac) nimipainatus vasemmassa rinnassa.<\/p>\n<p>Materiaali: 80% PA, 20% EA<br \/>\nKoot: 110, 120, 130, 140, 150, XS, S, M, L, XL<br \/>\nV\u00e4ri: Pinkki<\/p>\n","category_list_v2":"","author_info_v2":{"name":"","url":""},"comments_num_v2":"0 comments","_links":{"self":[{"href":"https:\/\/www.teamplace.eu\/rnv\/wp-json\/wp\/v2\/product\/271","targetHints":{"allow":["GET"]}}],"collection":[{"href":"https:\/\/www.teamplace.eu\/rnv\/wp-json\/wp\/v2\/product"}],"about":[{"href":"https:\/\/www.teamplace.eu\/rnv\/wp-json\/wp\/v2\/types\/product"}],"replies":[{"embeddable":true,"href":"https:\/\/www.teamplace.eu\/rnv\/wp-json\/wp\/v2\/comments?post=271"}],"wp:featuredmedia":[{"embeddable":true,"href":"https:\/\/www.teamplace.eu\/rnv\/wp-json\/wp\/v2\/media\/1594"}],"wp:attachment":[{"href":"https:\/\/www.teamplace.eu\/rnv\/wp-json\/wp\/v2\/media?parent=271"}],"wp:term":[{"taxonomy":"product_brand","embeddable":true,"href":"https:\/\/www.teamplace.eu\/rnv\/wp-json\/wp\/v2\/product_brand?post=271"},{"taxonomy":"product_cat","embeddable":true,"href":"https:\/\/www.teamplace.eu\/rnv\/wp-json\/wp\/v2\/product_cat?post=271"},{"taxonomy":"product_tag","embeddable":true,"href":"https:\/\/www.teamplace.eu\/rnv\/wp-json\/wp\/v2\/product_tag?post=271"}],"curies":[{"name":"wp","href":"https:\/\/api.w.org\/{rel}","templated":true}]}}