
{"id":1589,"date":"2023-11-08T23:14:13","date_gmt":"2023-11-08T21:14:13","guid":{"rendered":"https:\/\/www.teamplace.eu\/muuramensyke\/?post_type=product&#038;p=1589"},"modified":"2023-11-08T23:16:31","modified_gmt":"2023-11-08T21:16:31","slug":"miesten-tekninen-t-paita-muuramen-syke-musta","status":"publish","type":"product","link":"https:\/\/www.teamplace.eu\/muuramensyke\/product\/miesten-tekninen-t-paita-muuramen-syke-musta\/","title":{"rendered":"Miesten tekninen t-paita Muuramen Syke \/musta"},"content":{"rendered":"<p>Miesten tekninen t-paita treeniin ja vapaa-ajalle. Nopeasti kuivuva materiaali on miellytt\u00e4v\u00e4n pehme\u00e4 ja kevyt. Py\u00f6re\u00e4 kaula-aukko. Vaate on v\u00e4rj\u00e4tty menetelm\u00e4ll\u00e4, joka on ymp\u00e4rist\u00f6yst\u00e4v\u00e4llisempi ja tarjoaa paremman v\u00e4rin kest\u00e4vyyden.<\/p>\n<p>Valkoinen Muuramen Syke logo painettu vasempaan rintaan.<\/p>\n<p>Materiaali: 100 % polyesteri\u00e4. Paino: 135 g\/m\u00b2<\/p>\n<p>Naisten koot: XS, S, M, L, XL, XXL<\/p>\n","protected":false},"excerpt":{"rendered":"<p>Miesten tekninen t-paita treeniin ja vapaa-ajalle. Nopeasti kuivuva materiaali on miellytt\u00e4v\u00e4n pehme\u00e4 ja kevyt. Py\u00f6re\u00e4 kaula-aukko. Vaate on v\u00e4rj\u00e4tty menetelm\u00e4ll\u00e4, joka on ymp\u00e4rist\u00f6yst\u00e4v\u00e4llisempi ja tarjoaa paremman v\u00e4rin kest\u00e4vyyden.<\/p>\n<p>Valkoinen Muuramen Syke logo painettu vasempaan rintaan.<\/p>\n<p>Materiaali: 100 % polyesteri\u00e4. Paino: 135 g\/m\u00b2<\/p>\n<p>Naisten koot: XS, S, M, L, XL, XXL<\/p>\n","protected":false},"featured_media":1581,"comment_status":"open","ping_status":"closed","template":"","meta":[],"product_brand":[],"product_cat":[62],"product_tag":[],"class_list":{"0":"post-1589","1":"product","2":"type-product","3":"status-publish","4":"has-post-thumbnail","6":"product_cat-sykkeen-seuratuotteet","8":"first","9":"instock","10":"taxable","11":"shipping-taxable","12":"purchasable","13":"product-type-variable"},"exclude_global_add_ons":[],"addons":[],"featured_image_urls_v2":{"full":["https:\/\/www.teamplace.eu\/muuramensyke\/wp-content\/uploads\/sites\/76\/2023\/11\/Run-miesten-musta-etu-syke.png",1064,1064,false],"thumbnail":["https:\/\/www.teamplace.eu\/muuramensyke\/wp-content\/uploads\/sites\/76\/2023\/11\/Run-miesten-musta-etu-syke-150x150.png",150,150,true],"medium":["https:\/\/www.teamplace.eu\/muuramensyke\/wp-content\/uploads\/sites\/76\/2023\/11\/Run-miesten-musta-etu-syke-300x300.png",300,300,true],"medium_large":["https:\/\/www.teamplace.eu\/muuramensyke\/wp-content\/uploads\/sites\/76\/2023\/11\/Run-miesten-musta-etu-syke-768x768.png",580,580,true],"large":["https:\/\/www.teamplace.eu\/muuramensyke\/wp-content\/uploads\/sites\/76\/2023\/11\/Run-miesten-musta-etu-syke-1024x1024.png",580,580,true],"1536x1536":["https:\/\/www.teamplace.eu\/muuramensyke\/wp-content\/uploads\/sites\/76\/2023\/11\/Run-miesten-musta-etu-syke.png",1064,1064,false],"2048x2048":["https:\/\/www.teamplace.eu\/muuramensyke\/wp-content\/uploads\/sites\/76\/2023\/11\/Run-miesten-musta-etu-syke.png",1064,1064,false],"post-thumbnail":["https:\/\/www.teamplace.eu\/muuramensyke\/wp-content\/uploads\/sites\/76\/2023\/11\/Run-miesten-musta-etu-syke.png",1064,1064,false],"twentytwenty-fullscreen":["https:\/\/www.teamplace.eu\/muuramensyke\/wp-content\/uploads\/sites\/76\/2023\/11\/Run-miesten-musta-etu-syke.png",1064,1064,false],"woocommerce_thumbnail":["https:\/\/www.teamplace.eu\/muuramensyke\/wp-content\/uploads\/sites\/76\/2023\/11\/Run-miesten-musta-etu-syke-450x450.png",450,450,true],"woocommerce_single":["https:\/\/www.teamplace.eu\/muuramensyke\/wp-content\/uploads\/sites\/76\/2023\/11\/Run-miesten-musta-etu-syke-600x600.png",600,600,true],"woocommerce_gallery_thumbnail":["https:\/\/www.teamplace.eu\/muuramensyke\/wp-content\/uploads\/sites\/76\/2023\/11\/Run-miesten-musta-etu-syke-100x100.png",100,100,true]},"post_excerpt_stackable_v2":"<p>Miesten tekninen t-paita treeniin ja vapaa-ajalle. Nopeasti kuivuva materiaali on miellytt\u00e4v\u00e4n pehme\u00e4 ja kevyt. Py\u00f6re\u00e4 kaula-aukko. Vaate on v\u00e4rj\u00e4tty menetelm\u00e4ll\u00e4, joka on ymp\u00e4rist\u00f6yst\u00e4v\u00e4llisempi ja tarjoaa paremman v\u00e4rin kest\u00e4vyyden.<\/p>\n<p>Valkoinen Muuramen Syke logo painettu vasempaan rintaan.<\/p>\n<p>Materiaali: 100 % polyesteri\u00e4. Paino: 135 g\/m\u00b2<\/p>\n<p>Naisten koot: XS, S, M, L, XL, XXL<\/p>\n","category_list_v2":"","author_info_v2":{"name":"","url":""},"comments_num_v2":"0 comments","_links":{"self":[{"href":"https:\/\/www.teamplace.eu\/muuramensyke\/wp-json\/wp\/v2\/product\/1589","targetHints":{"allow":["GET"]}}],"collection":[{"href":"https:\/\/www.teamplace.eu\/muuramensyke\/wp-json\/wp\/v2\/product"}],"about":[{"href":"https:\/\/www.teamplace.eu\/muuramensyke\/wp-json\/wp\/v2\/types\/product"}],"replies":[{"embeddable":true,"href":"https:\/\/www.teamplace.eu\/muuramensyke\/wp-json\/wp\/v2\/comments?post=1589"}],"wp:featuredmedia":[{"embeddable":true,"href":"https:\/\/www.teamplace.eu\/muuramensyke\/wp-json\/wp\/v2\/media\/1581"}],"wp:attachment":[{"href":"https:\/\/www.teamplace.eu\/muuramensyke\/wp-json\/wp\/v2\/media?parent=1589"}],"wp:term":[{"taxonomy":"product_brand","embeddable":true,"href":"https:\/\/www.teamplace.eu\/muuramensyke\/wp-json\/wp\/v2\/product_brand?post=1589"},{"taxonomy":"product_cat","embeddable":true,"href":"https:\/\/www.teamplace.eu\/muuramensyke\/wp-json\/wp\/v2\/product_cat?post=1589"},{"taxonomy":"product_tag","embeddable":true,"href":"https:\/\/www.teamplace.eu\/muuramensyke\/wp-json\/wp\/v2\/product_tag?post=1589"}],"curies":[{"name":"wp","href":"https:\/\/api.w.org\/{rel}","templated":true}]}}