
{"id":1537,"date":"2023-03-22T17:04:40","date_gmt":"2023-03-22T15:04:40","guid":{"rendered":"https:\/\/www.teamplace.eu\/muuramensyke\/?post_type=product&#038;p=1537"},"modified":"2023-03-22T17:08:39","modified_gmt":"2023-03-22T15:08:39","slug":"beam-treenitakki-syke","status":"publish","type":"product","link":"https:\/\/www.teamplace.eu\/muuramensyke\/product\/beam-treenitakki-syke\/","title":{"rendered":"BEAM treenitakki Syke"},"content":{"rendered":"<p>Beam -takki on valmistettu korkealaatuisesta materiaalista, joka joustaa, hengitt\u00e4\u00e4 ja haihduttaa kosteuden. Sporttinen takki on kapealinjainen ja siin\u00e4 on korkea pystykaulus. Hihoissa on reilusti pituutta. Malli on erityisesti voimistelijoiden ja cheerleadereiden suosiossa.<\/p>\n<p>Sel\u00e4ss\u00e4 valkoinen Muuramen Sykkeen logo, oikeassa hihassa pitkitt\u00e4in valkoinen Hyv\u00e4ll\u00e4 Sykkeell\u00e4-teksti.<\/p>\n<p>Materiaali: 80% PA, 20% EA<br \/>\nKoot: 120, 130, 140, 150, XS, S, M, L, XL<br \/>\nV\u00e4ri: musta<\/p>\n","protected":false},"excerpt":{"rendered":"<p>Beam -takki on valmistettu korkealaatuisesta materiaalista, joka joustaa, hengitt\u00e4\u00e4 ja haihduttaa kosteuden. Sporttinen takki on kapealinjainen ja siin\u00e4 on korkea pystykaulus. Hihoissa on reilusti pituutta. Malli on erityisesti voimistelijoiden ja cheerleadereiden suosiossa.<\/p>\n<p>Sel\u00e4ss\u00e4 valkoinen Muuramen Sykkeen logo, oikeassa hihassa pitkitt\u00e4in valkoinen Hyv\u00e4ll\u00e4 Sykkeell\u00e4-teksti.<\/p>\n<p>Materiaali: 80% PA, 20% EA<br \/>\nKoot: 120, 130, 140, 150, XS, S, M, L, XL<br \/>\nV\u00e4ri: musta<\/p>\n","protected":false},"featured_media":1519,"comment_status":"closed","ping_status":"closed","template":"","meta":[],"product_brand":[],"product_cat":[62],"product_tag":[],"class_list":{"0":"post-1537","1":"product","2":"type-product","3":"status-publish","4":"has-post-thumbnail","6":"product_cat-sykkeen-seuratuotteet","8":"first","9":"instock","10":"taxable","11":"shipping-taxable","12":"purchasable","13":"product-type-variable"},"exclude_global_add_ons":[],"addons":[],"featured_image_urls_v2":{"full":["https:\/\/www.teamplace.eu\/muuramensyke\/wp-content\/uploads\/sites\/76\/2021\/05\/Beam-musta-etu-Syke.png",1064,1064,false],"thumbnail":["https:\/\/www.teamplace.eu\/muuramensyke\/wp-content\/uploads\/sites\/76\/2021\/05\/Beam-musta-etu-Syke-150x150.png",150,150,true],"medium":["https:\/\/www.teamplace.eu\/muuramensyke\/wp-content\/uploads\/sites\/76\/2021\/05\/Beam-musta-etu-Syke-300x300.png",300,300,true],"medium_large":["https:\/\/www.teamplace.eu\/muuramensyke\/wp-content\/uploads\/sites\/76\/2021\/05\/Beam-musta-etu-Syke-768x768.png",580,580,true],"large":["https:\/\/www.teamplace.eu\/muuramensyke\/wp-content\/uploads\/sites\/76\/2021\/05\/Beam-musta-etu-Syke-1024x1024.png",580,580,true],"1536x1536":["https:\/\/www.teamplace.eu\/muuramensyke\/wp-content\/uploads\/sites\/76\/2021\/05\/Beam-musta-etu-Syke.png",1064,1064,false],"2048x2048":["https:\/\/www.teamplace.eu\/muuramensyke\/wp-content\/uploads\/sites\/76\/2021\/05\/Beam-musta-etu-Syke.png",1064,1064,false],"post-thumbnail":["https:\/\/www.teamplace.eu\/muuramensyke\/wp-content\/uploads\/sites\/76\/2021\/05\/Beam-musta-etu-Syke.png",1064,1064,false],"twentytwenty-fullscreen":["https:\/\/www.teamplace.eu\/muuramensyke\/wp-content\/uploads\/sites\/76\/2021\/05\/Beam-musta-etu-Syke.png",1064,1064,false],"woocommerce_thumbnail":["https:\/\/www.teamplace.eu\/muuramensyke\/wp-content\/uploads\/sites\/76\/2021\/05\/Beam-musta-etu-Syke-450x450.png",450,450,true],"woocommerce_single":["https:\/\/www.teamplace.eu\/muuramensyke\/wp-content\/uploads\/sites\/76\/2021\/05\/Beam-musta-etu-Syke-600x600.png",600,600,true],"woocommerce_gallery_thumbnail":["https:\/\/www.teamplace.eu\/muuramensyke\/wp-content\/uploads\/sites\/76\/2021\/05\/Beam-musta-etu-Syke-100x100.png",100,100,true]},"post_excerpt_stackable_v2":"<p>Beam -takki on valmistettu korkealaatuisesta materiaalista, joka joustaa, hengitt\u00e4\u00e4 ja haihduttaa kosteuden. Sporttinen takki on kapealinjainen ja siin\u00e4 on korkea pystykaulus. Hihoissa on reilusti pituutta. Malli on erityisesti voimistelijoiden ja cheerleadereiden suosiossa.<\/p>\n<p>Sel\u00e4ss\u00e4 valkoinen Muuramen Sykkeen logo, oikeassa hihassa pitkitt\u00e4in valkoinen Hyv\u00e4ll\u00e4 Sykkeell\u00e4-teksti.<\/p>\n<p>Materiaali: 80% PA, 20% EA<br \/>\nKoot: 120, 130, 140, 150, XS, S, M, L, XL<br \/>\nV\u00e4ri: musta<\/p>\n","category_list_v2":"","author_info_v2":{"name":"","url":""},"comments_num_v2":"0 comments","_links":{"self":[{"href":"https:\/\/www.teamplace.eu\/muuramensyke\/wp-json\/wp\/v2\/product\/1537","targetHints":{"allow":["GET"]}}],"collection":[{"href":"https:\/\/www.teamplace.eu\/muuramensyke\/wp-json\/wp\/v2\/product"}],"about":[{"href":"https:\/\/www.teamplace.eu\/muuramensyke\/wp-json\/wp\/v2\/types\/product"}],"replies":[{"embeddable":true,"href":"https:\/\/www.teamplace.eu\/muuramensyke\/wp-json\/wp\/v2\/comments?post=1537"}],"wp:featuredmedia":[{"embeddable":true,"href":"https:\/\/www.teamplace.eu\/muuramensyke\/wp-json\/wp\/v2\/media\/1519"}],"wp:attachment":[{"href":"https:\/\/www.teamplace.eu\/muuramensyke\/wp-json\/wp\/v2\/media?parent=1537"}],"wp:term":[{"taxonomy":"product_brand","embeddable":true,"href":"https:\/\/www.teamplace.eu\/muuramensyke\/wp-json\/wp\/v2\/product_brand?post=1537"},{"taxonomy":"product_cat","embeddable":true,"href":"https:\/\/www.teamplace.eu\/muuramensyke\/wp-json\/wp\/v2\/product_cat?post=1537"},{"taxonomy":"product_tag","embeddable":true,"href":"https:\/\/www.teamplace.eu\/muuramensyke\/wp-json\/wp\/v2\/product_tag?post=1537"}],"curies":[{"name":"wp","href":"https:\/\/api.w.org\/{rel}","templated":true}]}}