
{"id":600,"date":"2021-03-20T15:26:49","date_gmt":"2021-03-20T13:26:49","guid":{"rendered":"https:\/\/www.teamplace.eu\/estt\/?post_type=product&#038;p=600"},"modified":"2026-02-12T12:02:54","modified_gmt":"2026-02-12T10:02:54","slug":"split-minishortsit-estt","status":"publish","type":"product","link":"https:\/\/www.teamplace.eu\/estt\/product\/split-minishortsit-estt\/","title":{"rendered":"SPLIT minishortsit EsTT"},"content":{"rendered":"<p>Minishortsi on voimistelijoille valmistettu treenishortsi, jossa vartalonmy\u00f6t\u00e4inen istuvuus. Korkealaatuinen joustava materiaali on hengitt\u00e4v\u00e4 ja haihduttaa kosteuden nopeasti. Vy\u00f6t\u00e4r\u00f6ll\u00e4 3,5cm leve\u00e4 napakka kuminauha.<\/p>\n<p>Valkoinen EsTT painatus housun oikeassa lahkeessa.<\/p>\n<p>MATERIAALI: 88% polyester, 12% elastaani<\/p>\n<p>KOOT: 110, 120, 130, 140, 150, XS, S, M, L, XL<\/p>\n","protected":false},"excerpt":{"rendered":"<p>Minishortsi on voimistelijoille valmistettu treenishortsi, jossa vartalonmy\u00f6t\u00e4inen istuvuus. Korkealaatuinen joustava materiaali on hengitt\u00e4v\u00e4 ja haihduttaa kosteuden nopeasti. Vy\u00f6t\u00e4r\u00f6ll\u00e4 3,5cm leve\u00e4 napakka kuminauha.<\/p>\n<p>Valkoinen EsTT painatus housun oikeassa lahkeessa.<\/p>\n<p>MATERIAALI: 88% polyester, 12% elastaani<\/p>\n<p>KOOT: 110, 120, 130, 140, 150, XS, S, M, L, XL<\/p>\n","protected":false},"featured_media":1005,"comment_status":"open","ping_status":"closed","template":"","meta":[],"product_brand":[],"product_cat":[69,15],"product_tag":[],"class_list":{"0":"post-600","1":"product","2":"type-product","3":"status-publish","4":"has-post-thumbnail","6":"product_cat-estt-tuotteet","7":"product_cat-uncategorized","9":"first","10":"instock","11":"taxable","12":"shipping-taxable","13":"purchasable","14":"product-type-variable"},"exclude_global_add_ons":[],"addons":[],"featured_image_urls_v2":{"full":["https:\/\/www.teamplace.eu\/estt\/wp-content\/uploads\/sites\/9\/2021\/03\/Split-estt-1.png",1159,998,false],"thumbnail":["https:\/\/www.teamplace.eu\/estt\/wp-content\/uploads\/sites\/9\/2021\/03\/Split-estt-1-150x150.png",150,150,true],"medium":["https:\/\/www.teamplace.eu\/estt\/wp-content\/uploads\/sites\/9\/2021\/03\/Split-estt-1-300x258.png",300,258,true],"medium_large":["https:\/\/www.teamplace.eu\/estt\/wp-content\/uploads\/sites\/9\/2021\/03\/Split-estt-1-768x661.png",580,499,true],"large":["https:\/\/www.teamplace.eu\/estt\/wp-content\/uploads\/sites\/9\/2021\/03\/Split-estt-1-1024x882.png",580,500,true],"1536x1536":["https:\/\/www.teamplace.eu\/estt\/wp-content\/uploads\/sites\/9\/2021\/03\/Split-estt-1.png",1159,998,false],"2048x2048":["https:\/\/www.teamplace.eu\/estt\/wp-content\/uploads\/sites\/9\/2021\/03\/Split-estt-1.png",1159,998,false],"post-thumbnail":["https:\/\/www.teamplace.eu\/estt\/wp-content\/uploads\/sites\/9\/2021\/03\/Split-estt-1.png",1159,998,false],"twentytwenty-fullscreen":["https:\/\/www.teamplace.eu\/estt\/wp-content\/uploads\/sites\/9\/2021\/03\/Split-estt-1.png",1159,998,false],"woocommerce_thumbnail":["https:\/\/www.teamplace.eu\/estt\/wp-content\/uploads\/sites\/9\/2021\/03\/Split-estt-1-450x450.png",450,450,true],"woocommerce_single":["https:\/\/www.teamplace.eu\/estt\/wp-content\/uploads\/sites\/9\/2021\/03\/Split-estt-1-600x517.png",600,517,true],"woocommerce_gallery_thumbnail":["https:\/\/www.teamplace.eu\/estt\/wp-content\/uploads\/sites\/9\/2021\/03\/Split-estt-1-100x100.png",100,100,true]},"post_excerpt_stackable_v2":"<p>Minishortsi on voimistelijoille valmistettu treenishortsi, jossa vartalonmy\u00f6t\u00e4inen istuvuus. Korkealaatuinen joustava materiaali on hengitt\u00e4v\u00e4 ja haihduttaa kosteuden nopeasti. Vy\u00f6t\u00e4r\u00f6ll\u00e4 3,5cm leve\u00e4 napakka kuminauha.<\/p>\n<p>Valkoinen EsTT painatus housun oikeassa lahkeessa.<\/p>\n<p>MATERIAALI: 88% polyester, 12% elastaani<\/p>\n<p>KOOT: 110, 120, 130, 140, 150, XS, S, M, L, XL<\/p>\n","category_list_v2":"","author_info_v2":{"name":"","url":""},"comments_num_v2":"0 comments","_links":{"self":[{"href":"https:\/\/www.teamplace.eu\/estt\/wp-json\/wp\/v2\/product\/600","targetHints":{"allow":["GET"]}}],"collection":[{"href":"https:\/\/www.teamplace.eu\/estt\/wp-json\/wp\/v2\/product"}],"about":[{"href":"https:\/\/www.teamplace.eu\/estt\/wp-json\/wp\/v2\/types\/product"}],"replies":[{"embeddable":true,"href":"https:\/\/www.teamplace.eu\/estt\/wp-json\/wp\/v2\/comments?post=600"}],"wp:featuredmedia":[{"embeddable":true,"href":"https:\/\/www.teamplace.eu\/estt\/wp-json\/wp\/v2\/media\/1005"}],"wp:attachment":[{"href":"https:\/\/www.teamplace.eu\/estt\/wp-json\/wp\/v2\/media?parent=600"}],"wp:term":[{"taxonomy":"product_brand","embeddable":true,"href":"https:\/\/www.teamplace.eu\/estt\/wp-json\/wp\/v2\/product_brand?post=600"},{"taxonomy":"product_cat","embeddable":true,"href":"https:\/\/www.teamplace.eu\/estt\/wp-json\/wp\/v2\/product_cat?post=600"},{"taxonomy":"product_tag","embeddable":true,"href":"https:\/\/www.teamplace.eu\/estt\/wp-json\/wp\/v2\/product_tag?post=600"}],"curies":[{"name":"wp","href":"https:\/\/api.w.org\/{rel}","templated":true}]}}