
{"id":1895,"date":"2025-12-19T10:55:29","date_gmt":"2025-12-19T08:55:29","guid":{"rendered":"https:\/\/www.teamplace.eu\/estt\/?post_type=product&#038;p=1895"},"modified":"2026-03-02T15:14:04","modified_gmt":"2026-03-02T13:14:04","slug":"miesten-edustustakki-estt-2026-tummansininen","status":"publish","type":"product","link":"https:\/\/www.teamplace.eu\/estt\/product\/miesten-edustustakki-estt-2026-tummansininen\/","title":{"rendered":"Miesten edustusasun takki EsTT 2026 \/tummansininen"},"content":{"rendered":"<p>Vetoketjuhuppari urheilulliseen menoon. Huppari on tarkoitettu seuran miesten edustustakiksi. Pehme\u00e4st\u00e4 kierr\u00e4tyspolyesterin ja luomupuuvillan sekoituksesta valmistettu ja sis\u00e4pinnalta harjattu rento huppari tuntuu pehme\u00e4lt\u00e4 ja eritt\u00e4in mukavalta.<\/p>\n<p>Selk\u00e4\u00e4n on painettu valkoisella EsTT Gymnastics logo. Vasempaan hihaan painettu Suomen lippu.<\/p>\n<p>Malli pojille ja miehille<\/p>\n<p>MATERIAALI: 60% luomupuuvilla,<br \/>\n40% kierr\u00e4tetty polyesteri<\/p>\n<p>V\u00c4RI: tummansininen<\/p>\n<p>KOOT: 122\/128cm, 134\/140cm, 146\/152cm, 158\/164cm, XS, S, M, L, XL, XXL<\/p>\n","protected":false},"excerpt":{"rendered":"<p>Vetoketjuhuppari urheilulliseen menoon. Huppari on tarkoitettu seuran miesten edustustakiksi. Pehme\u00e4st\u00e4 kierr\u00e4tyspolyesterin ja luomupuuvillan sekoituksesta valmistettu ja sis\u00e4pinnalta harjattu rento huppari tuntuu pehme\u00e4lt\u00e4 ja eritt\u00e4in mukavalta.<\/p>\n<p>Selk\u00e4\u00e4n on painettu valkoisella EsTT Gymnastics logo. Vasempaan hihaan painettu Suomen lippu.<\/p>\n<p>Malli pojille ja miehille<\/p>\n<p>MATERIAALI: 60% luomupuuvilla,<br \/>\n40% kierr\u00e4tetty polyesteri<\/p>\n<p>V\u00c4RI: tummansininen<\/p>\n<p>KOOT: 122\/128cm, 134\/140cm, 146\/152cm, 158\/164cm, XS, S, M, L, XL, XXL<\/p>\n","protected":false},"featured_media":1915,"comment_status":"open","ping_status":"closed","template":"","meta":[],"product_brand":[],"product_cat":[68,69,42],"product_tag":[],"class_list":{"0":"post-1895","1":"product","2":"type-product","3":"status-publish","4":"has-post-thumbnail","6":"product_cat-edustusasut","7":"product_cat-estt-tuotteet","8":"product_cat-miehet","10":"first","11":"instock","12":"taxable","13":"shipping-taxable","14":"purchasable","15":"product-type-variable"},"exclude_global_add_ons":[],"addons":[],"featured_image_urls_v2":{"full":["https:\/\/www.teamplace.eu\/estt\/wp-content\/uploads\/sites\/9\/2025\/12\/Miesten-edustustakki-2026-taka-estt-1.png",1064,1064,false],"thumbnail":["https:\/\/www.teamplace.eu\/estt\/wp-content\/uploads\/sites\/9\/2025\/12\/Miesten-edustustakki-2026-taka-estt-1-150x150.png",150,150,true],"medium":["https:\/\/www.teamplace.eu\/estt\/wp-content\/uploads\/sites\/9\/2025\/12\/Miesten-edustustakki-2026-taka-estt-1-300x300.png",300,300,true],"medium_large":["https:\/\/www.teamplace.eu\/estt\/wp-content\/uploads\/sites\/9\/2025\/12\/Miesten-edustustakki-2026-taka-estt-1-768x768.png",580,580,true],"large":["https:\/\/www.teamplace.eu\/estt\/wp-content\/uploads\/sites\/9\/2025\/12\/Miesten-edustustakki-2026-taka-estt-1-1024x1024.png",580,580,true],"1536x1536":["https:\/\/www.teamplace.eu\/estt\/wp-content\/uploads\/sites\/9\/2025\/12\/Miesten-edustustakki-2026-taka-estt-1.png",1064,1064,false],"2048x2048":["https:\/\/www.teamplace.eu\/estt\/wp-content\/uploads\/sites\/9\/2025\/12\/Miesten-edustustakki-2026-taka-estt-1.png",1064,1064,false],"post-thumbnail":["https:\/\/www.teamplace.eu\/estt\/wp-content\/uploads\/sites\/9\/2025\/12\/Miesten-edustustakki-2026-taka-estt-1.png",1064,1064,false],"twentytwenty-fullscreen":["https:\/\/www.teamplace.eu\/estt\/wp-content\/uploads\/sites\/9\/2025\/12\/Miesten-edustustakki-2026-taka-estt-1.png",1064,1064,false],"woocommerce_thumbnail":["https:\/\/www.teamplace.eu\/estt\/wp-content\/uploads\/sites\/9\/2025\/12\/Miesten-edustustakki-2026-taka-estt-1-450x450.png",450,450,true],"woocommerce_single":["https:\/\/www.teamplace.eu\/estt\/wp-content\/uploads\/sites\/9\/2025\/12\/Miesten-edustustakki-2026-taka-estt-1-600x600.png",600,600,true],"woocommerce_gallery_thumbnail":["https:\/\/www.teamplace.eu\/estt\/wp-content\/uploads\/sites\/9\/2025\/12\/Miesten-edustustakki-2026-taka-estt-1-100x100.png",100,100,true]},"post_excerpt_stackable_v2":"<p>Vetoketjuhuppari urheilulliseen menoon. Huppari on tarkoitettu seuran miesten edustustakiksi. Pehme\u00e4st\u00e4 kierr\u00e4tyspolyesterin ja luomupuuvillan sekoituksesta valmistettu ja sis\u00e4pinnalta harjattu rento huppari tuntuu pehme\u00e4lt\u00e4 ja eritt\u00e4in mukavalta.<\/p>\n<p>Selk\u00e4\u00e4n on painettu valkoisella EsTT Gymnastics logo. Vasempaan hihaan painettu Suomen lippu.<\/p>\n<p>Malli pojille ja miehille<\/p>\n<p>MATERIAALI: 60% luomupuuvilla,<br \/>\n40% kierr\u00e4tetty polyesteri<\/p>\n<p>V\u00c4RI: tummansininen<\/p>\n<p>KOOT: 122\/128cm, 134\/140cm, 146\/152cm, 158\/164cm, XS, S, M, L, XL, XXL<\/p>\n","category_list_v2":"","author_info_v2":{"name":"","url":""},"comments_num_v2":"0 comments","_links":{"self":[{"href":"https:\/\/www.teamplace.eu\/estt\/wp-json\/wp\/v2\/product\/1895","targetHints":{"allow":["GET"]}}],"collection":[{"href":"https:\/\/www.teamplace.eu\/estt\/wp-json\/wp\/v2\/product"}],"about":[{"href":"https:\/\/www.teamplace.eu\/estt\/wp-json\/wp\/v2\/types\/product"}],"replies":[{"embeddable":true,"href":"https:\/\/www.teamplace.eu\/estt\/wp-json\/wp\/v2\/comments?post=1895"}],"wp:featuredmedia":[{"embeddable":true,"href":"https:\/\/www.teamplace.eu\/estt\/wp-json\/wp\/v2\/media\/1915"}],"wp:attachment":[{"href":"https:\/\/www.teamplace.eu\/estt\/wp-json\/wp\/v2\/media?parent=1895"}],"wp:term":[{"taxonomy":"product_brand","embeddable":true,"href":"https:\/\/www.teamplace.eu\/estt\/wp-json\/wp\/v2\/product_brand?post=1895"},{"taxonomy":"product_cat","embeddable":true,"href":"https:\/\/www.teamplace.eu\/estt\/wp-json\/wp\/v2\/product_cat?post=1895"},{"taxonomy":"product_tag","embeddable":true,"href":"https:\/\/www.teamplace.eu\/estt\/wp-json\/wp\/v2\/product_tag?post=1895"}],"curies":[{"name":"wp","href":"https:\/\/api.w.org\/{rel}","templated":true}]}}