
{"id":1473,"date":"2022-04-19T21:31:52","date_gmt":"2022-04-19T18:31:52","guid":{"rendered":"https:\/\/www.teamplace.eu\/estt\/?post_type=product&#038;p=1473"},"modified":"2026-02-12T11:58:48","modified_gmt":"2026-02-12T09:58:48","slug":"stream-toppi-estt-teamgym-2","status":"publish","type":"product","link":"https:\/\/www.teamplace.eu\/estt\/product\/stream-toppi-estt-teamgym-2\/","title":{"rendered":"STREAM toppi EsTT TeamGym \/eri v\u00e4rej\u00e4"},"content":{"rendered":"<p>Sporttinen painijanselk\u00e4inen toppi. Korkealaatuinen joustava materiaali ja hyvin istuva leikkaus. Materiaali on hengitt\u00e4v\u00e4 ja haihduttaa kosteuden nopeasti, jolloin k\u00e4ytt\u00f6mukavuus on ihanteellinen. <\/p>\n<p>EsTT Teamgym logo painettu selk\u00e4\u00e4n valkoisella. Voimistelijan nimi painetaan vasempaan rintaan kaunokirjoituksella. Kirjoita nimi kentt\u00e4\u00e4n.<\/p>\n<p>Materiaali: 88% polyester, 12% elastaani<br \/>\nKoot: 110, 120, 130, 140, 150, XS, S, M, L, XL<br \/>\nV\u00e4ri: kirkkaansininen, tummansininen, turkoosi<\/p>\n","protected":false},"excerpt":{"rendered":"<p>Sporttinen painijanselk\u00e4inen toppi. Korkealaatuinen joustava materiaali ja hyvin istuva leikkaus. Materiaali on hengitt\u00e4v\u00e4 ja haihduttaa kosteuden nopeasti, jolloin k\u00e4ytt\u00f6mukavuus on ihanteellinen. <\/p>\n<p>EsTT Teamgym logo painettu selk\u00e4\u00e4n valkoisella. Voimistelijan nimi painetaan vasempaan rintaan kaunokirjoituksella. Kirjoita nimi kentt\u00e4\u00e4n.<\/p>\n<p>Materiaali: 88% polyester, 12% elastaani<br \/>\nKoot: 110, 120, 130, 140, 150, XS, S, M, L, XL<br \/>\nV\u00e4ri: kirkkaansininen, tummansininen, turkoosi<\/p>\n","protected":false},"featured_media":1950,"comment_status":"open","ping_status":"closed","template":"","meta":[],"product_brand":[],"product_cat":[69,55],"product_tag":[],"class_list":{"0":"post-1473","1":"product","2":"type-product","3":"status-publish","4":"has-post-thumbnail","6":"product_cat-estt-tuotteet","7":"product_cat-teamgym","9":"first","10":"instock","11":"taxable","12":"shipping-taxable","13":"purchasable","14":"product-type-variable"},"exclude_global_add_ons":false,"addons":[{"name":"Valitse topin v\u00e4ri:","type":"multiple_choice","position":0,"required":true,"title_format":"label","default":"","description_enable":false,"description":"","placeholder_enable":false,"placeholder":"","display":"images","restrictions_type":"any_text","adjust_price":false,"price":"","price_type":"flat_fee","restrictions":false,"min":"0","max":"0","options":[{"label":"Turkoosi","price":"","price_type":"flat_fee","image":1950,"visibility":true},{"label":"Tummansininen","price":"","price_type":"flat_fee","image":1456,"visibility":true},{"label":"Kirkkaansininen","price":"","price_type":"flat_fee","image":1292,"visibility":true}],"id":1770735364},{"name":"Nimipainatus vasen rinta:","type":"custom_text","position":1,"required":true,"title_format":"label","default":"","description_enable":true,"description":"Kirjoita voimistelijan nimi kentt\u00e4\u00e4n","placeholder_enable":false,"placeholder":"","display":"select","restrictions_type":"only_letters_numbers","adjust_price":false,"price":"5.00","price_type":"flat_fee","restrictions":true,"min":"0","max":"12","options":[],"id":1770735363}],"featured_image_urls_v2":{"full":["https:\/\/www.teamplace.eu\/estt\/wp-content\/uploads\/sites\/9\/2022\/04\/Stream-turkoosi-TG-taka-estt.png",1064,1064,false],"thumbnail":["https:\/\/www.teamplace.eu\/estt\/wp-content\/uploads\/sites\/9\/2022\/04\/Stream-turkoosi-TG-taka-estt-150x150.png",150,150,true],"medium":["https:\/\/www.teamplace.eu\/estt\/wp-content\/uploads\/sites\/9\/2022\/04\/Stream-turkoosi-TG-taka-estt-300x300.png",300,300,true],"medium_large":["https:\/\/www.teamplace.eu\/estt\/wp-content\/uploads\/sites\/9\/2022\/04\/Stream-turkoosi-TG-taka-estt-768x768.png",580,580,true],"large":["https:\/\/www.teamplace.eu\/estt\/wp-content\/uploads\/sites\/9\/2022\/04\/Stream-turkoosi-TG-taka-estt-1024x1024.png",580,580,true],"1536x1536":["https:\/\/www.teamplace.eu\/estt\/wp-content\/uploads\/sites\/9\/2022\/04\/Stream-turkoosi-TG-taka-estt.png",1064,1064,false],"2048x2048":["https:\/\/www.teamplace.eu\/estt\/wp-content\/uploads\/sites\/9\/2022\/04\/Stream-turkoosi-TG-taka-estt.png",1064,1064,false],"post-thumbnail":["https:\/\/www.teamplace.eu\/estt\/wp-content\/uploads\/sites\/9\/2022\/04\/Stream-turkoosi-TG-taka-estt.png",1064,1064,false],"twentytwenty-fullscreen":["https:\/\/www.teamplace.eu\/estt\/wp-content\/uploads\/sites\/9\/2022\/04\/Stream-turkoosi-TG-taka-estt.png",1064,1064,false],"woocommerce_thumbnail":["https:\/\/www.teamplace.eu\/estt\/wp-content\/uploads\/sites\/9\/2022\/04\/Stream-turkoosi-TG-taka-estt-450x450.png",450,450,true],"woocommerce_single":["https:\/\/www.teamplace.eu\/estt\/wp-content\/uploads\/sites\/9\/2022\/04\/Stream-turkoosi-TG-taka-estt-600x600.png",600,600,true],"woocommerce_gallery_thumbnail":["https:\/\/www.teamplace.eu\/estt\/wp-content\/uploads\/sites\/9\/2022\/04\/Stream-turkoosi-TG-taka-estt-100x100.png",100,100,true]},"post_excerpt_stackable_v2":"<p>Sporttinen painijanselk\u00e4inen toppi. Korkealaatuinen joustava materiaali ja hyvin istuva leikkaus. Materiaali on hengitt\u00e4v\u00e4 ja haihduttaa kosteuden nopeasti, jolloin k\u00e4ytt\u00f6mukavuus on ihanteellinen. <\/p>\n<p>EsTT Teamgym logo painettu selk\u00e4\u00e4n valkoisella. Voimistelijan nimi painetaan vasempaan rintaan kaunokirjoituksella. Kirjoita nimi kentt\u00e4\u00e4n.<\/p>\n<p>Materiaali: 88% polyester, 12% elastaani<br \/>\nKoot: 110, 120, 130, 140, 150, XS, S, M, L, XL<br \/>\nV\u00e4ri: kirkkaansininen, tummansininen, turkoosi<\/p>\n","category_list_v2":"","author_info_v2":{"name":"","url":""},"comments_num_v2":"0 comments","_links":{"self":[{"href":"https:\/\/www.teamplace.eu\/estt\/wp-json\/wp\/v2\/product\/1473","targetHints":{"allow":["GET"]}}],"collection":[{"href":"https:\/\/www.teamplace.eu\/estt\/wp-json\/wp\/v2\/product"}],"about":[{"href":"https:\/\/www.teamplace.eu\/estt\/wp-json\/wp\/v2\/types\/product"}],"replies":[{"embeddable":true,"href":"https:\/\/www.teamplace.eu\/estt\/wp-json\/wp\/v2\/comments?post=1473"}],"wp:featuredmedia":[{"embeddable":true,"href":"https:\/\/www.teamplace.eu\/estt\/wp-json\/wp\/v2\/media\/1950"}],"wp:attachment":[{"href":"https:\/\/www.teamplace.eu\/estt\/wp-json\/wp\/v2\/media?parent=1473"}],"wp:term":[{"taxonomy":"product_brand","embeddable":true,"href":"https:\/\/www.teamplace.eu\/estt\/wp-json\/wp\/v2\/product_brand?post=1473"},{"taxonomy":"product_cat","embeddable":true,"href":"https:\/\/www.teamplace.eu\/estt\/wp-json\/wp\/v2\/product_cat?post=1473"},{"taxonomy":"product_tag","embeddable":true,"href":"https:\/\/www.teamplace.eu\/estt\/wp-json\/wp\/v2\/product_tag?post=1473"}],"curies":[{"name":"wp","href":"https:\/\/api.w.org\/{rel}","templated":true}]}}